 4.
-2232222223
330177 (base 9) to base 13
6b875
93437 (base 15) to base 4
1301330032
-112102020202 (base 3) to base 16
-45473
Convert 124b13 (base 13) to base 2.
1101011001100100110
-1b219 (base 13) to base 5
-3144323
What is 101065 (base 12) in base 9?
421725
What is 223200 (base 8) in base 16?
12680
-21031032 (base 5) to base 2
-101010011101000100
242144053 (base 6) to base 13
c475c5
Convert -a96fd (base 16) to base 5.
-134202023
What is -150302a (base 11) in base 8?
-11660551
What is -2042334 (base 5) in base 6?
-421502
What is -4512333 (base 6) in base 3?
-102112212210
Convert 1210717 (base 15) to base 16.
c5c73d
9604b (base 12) to base 2
110000000110111011
-102221312 (base 4) to base 2
-10010101001110110
Convert -10311020212 (base 4) to base 3.
-2101022220211
Convert 3032222002 (base 4) to base 7.
10123555
Convert -486877 (base 11) to base 5.
-144122440
What is -2211221111202 (base 3) in base 11?
-944962
What is -44018 (base 10) in base 12?
-21582
-23403212 (base 5) to base 6
-4344133
Convert 15545a (base 12) to base 11.
227908
What is 23554022 (base 7) in base 2?
1000000000000100110101
What is -1001001110100100111110 (base 2) in base 10?
-2419006
Convert 6822c9 (base 16) to base 13.
154c470
35314052 (base 6) to base 5
240123413
What is 2601550 (base 7) in base 5?
41234023
-302230101 (base 4) to base 3
-101112211010
What is -398a9 (base 15) in base 9?
-310616
What is 10111111010110010001 (base 2) in base 6?
24444305
What is -406b92 (base 13) in base 11?
-935249
Convert 101010000001001000 (base 2) to base 12.
83720
What is 2213312 (base 11) in base 4?
32310103022
2002110112 (base 3) to base 2
1010000011001010
Convert 30330213021 (base 4) to base 15.
470963
What is -322220130 (base 4) in base 5?
-30141111
What is 16ab37 (base 14) in base 12?
325951
Convert -223032554 (base 6) to base 3.
-21122110012221
What is -7c64 (base 14) in base 15?
-6633
-21120211100021 (base 3) to base 15
-54984a
110897 (base 10) to base 7
641213
What is -4614671 (base 10) in base 13?
-c57599
Convert -1111114334 (base 5) to base 14.
-477c56
Convert 210133100 (base 4) to base 8.
443720
What is -111000001100011001001 (base 2) in base 11?
-1048488
-11000101111101011 (base 2) to base 6
-2101123
1564737 (base 10) to base 2
101111110000001000001
Convert 11440331 (base 6) to base 7.
3041221
343a3 (base 11) to base 8
141073
Convert -74374 (base 9) to base 13.
-194b0
45534 (base 12) to base 2
10110100010111000
What is -236444 (base 7) in base 3?
-2012010102
-198091 (base 10) to base 5
-22314331
-210220010221201 (base 3) to base 2
-101100011000101101001110
What is -253223532 (base 6) in base 7?
-56541551
What is 2727215 (base 13) in base 14?
18cbb4a
What is -180068 (base 10) in base 6?
-3505352
Convert -272399 (base 10) to base 15.
-55a9e
What is 1bec19 (base 16) in base 13?
4c0bb7
-611042 (base 13) to base 10
-2258570
What is -6586840 (base 10) in base 6?
-353102344
Convert 203226 (base 10) to base 13.
7166a
220031303 (base 4) to base 2
101000001101110011
Convert 84117 (base 11) to base 16.
1dedf
331524304 (base 6) to base 11
3406737
What is -176b52 (base 13) in base 6?
-20322252
Convert -9ccd2 (base 15) to base 2.
-1111001110101001110
What is -4345444 (base 6) in base 7?
-1560604
-41004044 (base 5) to base 12
-13a235
1201100101102 (base 3) to base 7
10516436
Convert 4885068 (base 9) to base 8.
12100217
What is -202124120 (base 5) in base 16?
-c7902
-130662041 (base 7) to base 6
-454555505
13a50 (base 16) to base 11
554aa
-222200211102112 (base 3) to base 15
-13a3d3e
-1665237 (base 8) to base 6
-14230115
Convert 11122100121 (base 3) to base 2.
10110010011111000
Convert -3302896 (base 11) to base 6.
-324203043
What is -221121112022 (base 3) in base 12?
-2038a5
Convert -14021612 (base 7) to base 13.
-3666b3
-2862025 (base 10) to base 4
-22322233021
What is -17717720 (base 9) in base 6?
-515212200
Convert -1224526 (base 7) to base 5.
-20021302
Convert -3433217 (base 9) to base 16.
-1c4497
What is -4007821 (base 9) in base 3?
-11000021220201
Convert 100220200221 (base 3) to base 5.
22221104
Convert 1115334 (base 10) to base 8.
4202306
-10546 (base 11) to base 3
-202222112
What is -1db4a2 (base 15) in base 2?
-101100011011000111101
-133110224 (base 5) to base 9
-1238775
What is -53736 (base 10) in base 15?
-10dc6
-154074 (base 9) to base 4
-113021311
Convert -b970ed (base 16) to base 12.
-40a1039
-3220120402 (base 5) to base 2
-11001111100011111001000
132122121 (base 4) to base 7
1026114
What is -111118 (base 10) in base 7?
-641650
What is -394100 (base 13) in base 2?
-101010000111000101101
What is 52b03 (base 16) in base 2?
1010010101100000011
Convert 1112441013 (base 5) to base 9.
4571728
45534334 (base 7) to base 8
17124037
Convert -327001 (base 9) to base 4.
-233230231
Convert 1664178 (base 11) to base 15.
3add48
What is -15066 (base 11) in base 13?
-9959
What is 101010010101000110000100 (base 2) in base 9?
22782421
-163935 (base 11) to base 12
-103001
-3576 (base 9) to base 16
-a65
What is -4211113403 (base 5) in base 10?
-8691728
2321130033 (base 4) to base 15
1000cc
What is 1003111333 (base 5) in base 7?
23014321
Convert -2312340 (base 5) to base 14.
-11231
Convert -113010021 (base 4) to base 10.
-94473
-1a9a5 (base 15) to base 11
-5a037
What is 706100 (base 8) in base 14?
60a40
465b85 (base 14) to base 15
3256c5
What is 223002111 (base 4) in base 8?
530225
-238682 (base 14) to base 13
-336833
Convert 90156 (base 11) to base 12.
6443b
Convert -146047 (base 11) to base 13.
-7c809
Convert -319547 (base 13) to base 10.
-1163117
-277b6 (base 13) to base 16
-12069
1100100101001111001100 (base 2) to base 13
8b6339
What is 724742 (base 8) in base 5?
30140343
What is -1120112111201 (base 3) in base 12?
-34463a
What is -22021222101 (base 3) in base 14?
-4370b
What is -123012201301 (base 4) in base 13?
-1619a28
Convert 24066727 (base 9) to base 12.
3b1b82a
What is 33203223 (base 6) in base 9?
1777306
What is 2d132a (base 15) in base 13?
5b4917
What is -201200211002 (base 3) in base 6?
-12150515
What is 4777b3 (base 14) in base 9?
4530311
What is 837811 (base 16) in base 7?
133143253
1c3583 (base 13) to base 15
e3be8
What is 35308 (base 13) in base 2?
10111101110011111
Convert -6651120 (base 10) to base 2.
-11001010111110011110000
258f60 (base 16) to base 9
4561530
What is -631667 (base 9) in base 11?
-236a2a
-3106563 (base 10) to base 5
-1243402223
What is -c84cc7 (base 14) in base 11?
-3907a46
What is 39951 (base 14) in base 6?
3012215
Convert 201122110100 (base 3) to base 4.
1132122033
-783ee4 (base 16) to base 4
-132003323210
What is -2a3761 (base 16) in base 9?
-5176158
Convert -1a08873 (base 11) to base 15.
-470862
What is 433994 (base 10) in base 6?
13145122
-213420422 (base 5) to base 15
-13295c
What is -1255336 (base 7) in base 13?
-5a235
Convert 241232414 (base 7) to base 3.
1001012012222212
What is -5a0483 (base 11) in base 15?
-13c22a
Convert 156083 (base 9) to base 12.
47893
Convert -104b169 (base 12) to base 14.
-5a55cd
-1985d6 (base 16) to base 4
-12120113112
-10994c0 (base 14) to base 16
-788f00
Convert 613510 (base 9) to base 6.
11442400
Convert 2023334421 (base 5) to base 16.
3ee294
101232322103 (base 4) to base 14
890147
Convert -22222020020 (base 3) to base 10.
-176586
What is 1202111110101 (base 3) in base 10?
934912
Convert 10513101 (base 6) to base 16.
4e51d
What is 5a004 (base 16) in base 3?
200201200111
Convert 201031231 (base 5) to base 10.
798941
Convert -10000301332 (base 4) to base 10.
-1051774
-361606 (base 11) to base 14
-10cbb0
What is -d52da (base 14) in base 15?
-a2327
b535e8 (base 16) to base 13
25ca614
Convert -4433322 (base 5) to base 13.
-29280
-8edbac (base 15) to base 11
-394574a
What is 142915 (base 10) in base 12?
6a857
-10443041200 (base 5) to base 8
-54460277
What is -111011121110 (base 3) in base 7?
-2126541
Convert -212020211212 (base 3) to base 2.
-1101111101111100100
What is 103040042 (base 5) in base 15?
8a59c
What is -99057 (base 11) in base 15?
-2c925
Convert 100101010122111 (base 3) to base 4.
103000122322
-43aa97 (base 11) to base 3
-1022200222220
2a7875 (base 13) to base 10
1045023
Convert -4220130211 (base 5) to base 2.
-100001011001011101110000
-186763 (base 9) to base 4
-130130313
-3221113000 (base 4) to base 8
-3512700
Co